. What is the tens digit of z?
1
Let o(k) = 4*k - 15. Suppose 0*i + 30 = 6*i. Let c be o(i). Suppose 2*l = 4*v - l - 334, -4*l = c*v - 402. What is the units digit of v?
2
Let f(v) = v**3 + 51*v**2 - 43*v - 334. What is the ten thousands digit of f(-39)?
1
Suppose -152*c + 140*c + 97224 = 0. What is the tens digit of c?
0
Let h = 3134 + 5786. What is the hundreds digit of h?
9
Suppose 5*l = 2*r - 37815, -94584 = -5*r + 2028*l - 2031*l. What is the thousands digit of r?
8
Suppose 2*l = 3*x - 6, 3*l - 8*l - 15 = 0. Suppose 0*r - 2*r = 3*h - 1085, x = 5*r + 5*h - 2720. What is the tens digit of r?
4
Suppose 201538 + 61921 = 28*a - 150129. What is the ten thousands digit of a?
1
Suppose 5*z - 4*a + 17575 = 0, 0 = -5*z + 3*a - 0*a - 17570. Let w = z - -5024. What is the thousands digit of w?
1
Let i = -55 + 73. Let h(w) = 3*w**2 - 44*w - 18. Let y be h(i). Suppose 1122 + y = 12*x. What is the hundreds digit of x?
1
Let v be ((-16)/(-20))/(8/100). What is the tens digit of 75/(-30)*(-208)/v?
5
Suppose 5*g - 20 = 2*c, 0 = -2*g - 3*g - 2*c. Let d(j) = -2 - 258*j**3 + 41*j**3 + j**g + j**2. What is the tens digit of d(-1)?
1
Let v be 3/39 - 32763/39. What is the hundreds digit of 6/(-12)*(0 + v + -2)?
4
Let x = 348 + -348. Suppose 9*w - 7257 - 1941 = x. What is the tens digit of w?
2
Let d(o) = -4*o**2 - 5*o - 9. Let c = -32 - -27. Let s be d(c). Let i = -48 - s. What is the units digit of i?
6
Let b = -289 - -61. What is the tens digit of ((-15)/3)/5*b?
2
Let i be (-30 + 1)*108/(-3). Suppose 1388 + 709 = 4*b + j, 0 = -2*b - 2*j + i. Suppose 0 = -3*k - 6 - 3, b = 3*v + 5*k. What is the tens digit of v?
8
Let i be (146583/(-12))/(21/168). What is the tens digit of i/(-54) - (-3)/9?
1
Let i = 102 + -22. What is the tens digit of (i/(-32))/(2/(-60))?
7
Let s(g) = -9*g**3 - 7*g**2 - 118*g + 146. What is the hundreds digit of s(-13)?
2
Let a(x) = -21*x**3 + 6*x**2 - 15*x + 12. What is the hundreds digit of a(-6)?
8
Let k(o) be the third derivative of o**5/20 + o**4/3 + o**3/6 - 4*o**2 - 32. Suppose 2*u = -0*c + c - 9, 0 = 5*u + 2*c + 45. What is the units digit of k(u)?
2
Suppose -10*f = -14*f + 4, -4*o = 2*f - 3418. Suppose -o*v = -858*v + 32. What is the units digit of v?
8
Let y be 11/88*-1734 + 2/(-8). Let d = 90 - y. What is the tens digit of d?
0
Suppose 40*a - 77*a = -148. Let i = -273 + 543. Suppose 2*m + 4*o = -o + 122, a*m - 3*o = i. What is the tens digit of m?
6
Suppose 0 = -h - 2, -4*h = -3*w + 170. Let k = 163 - w. Suppose 285 - k = 8*x. What is the tens digit of x?
2
Let z(x) be the first derivative of -138*x**2 + 190*x - 283. What is the hundreds digit of z(-6)?
8
Suppose 0*c = 3*c + 3*j, 4*c + 5*j = 0. Let l(i) = 3*i + 84. Let n be l(c). What is the units digit of -3*1/((-9)/n)?
8
Suppose p + 6 = 11. Suppose 7348 - 2834 = p*r + 3*m, r - 914 = 5*m. What is the tens digit of r?
0
What is the units digit of 2/9 - (-16045078)/1926?
1
Let y = -5837 + 3297. What is the hundreds digit of -1 + (y - -5)/(-5)?
5
What is the units digit of 35/10 - 4 - (34206/(-4) + -3)?
4
Let i(n) be the first derivative of -23*n**2 + 32*n + 34. What is the tens digit of i(-10)?
9
Suppose -4*g + 17 - 1 = 0. Suppose 2*s - 4*h = -6*h + g, 20 = -4*h. Let t(j) = j**2 + 12*j + 1. What is the tens digit of t(s)?
3
Let x be -8*4/(-8) + -2 + 1. Let c(y) = 9*y**3 + 6*y**2 + y - 6. Let d be c(x). Suppose 4*v - d = 38. What is the units digit of v?
3
Suppose -4*k + 5683 + 613 = 0. Let n = k + -1069. What is the units digit of n?
5
Let w(v) = 309*v**2 - 240*v + 2236. What is the units digit of w(10)?
6
Suppose 5*w - 19403 = 3*o + 35980, o = -6. What is the ten thousands digit of w?
1
Suppose 4*h + 4*s - 1940 = 0, 1 = 4*s + 13. Let p = 791 - h. What is the units digit of p?
3
Suppose -612*r + 588*r = -7392. What is the hundreds digit of r?
3
Suppose -39*p - 1935180 = -104*p. What is the ten thousands digit of p?
2
Suppose -g - 4*f - 18 = 0, -4*f = -5*g + 7*g + 16. Suppose 5*u = -76 + 691. Suppose -c = -6*c + 5, 3*c = -g*p + u. What is the units digit of p?
0
What is the thousands digit of (18/(-45))/((-40)/432700)?
4
Let l(o) = -31*o**3 + 6*o**2 - 37*o - 186. What is the units digit of l(-6)?
8
Let v = -14273 - -23621. What is the units digit of v?
8
Suppose 5*y = 8*y. Let q(b) be the first derivative of b**3/3 - b**2/2 + 90*b - 25. What is the units digit of q(y)?
0
What is the thousands digit of 38/(-627)*11*23847/(-2)?
7
Let h be (-62)/(-4) + (-4)/8. Let s be ((-90)/3)/(5/h). What is the units digit of 4/(-18) - 1370/s?
5
Suppose 55*m = 60*m + 10. What is the tens digit of -1*(2/m + -408)?
0
Suppose -36*m + 40*m = 2*c - 14206, -7108 = -c + m. What is the thousands digit of c?
7
Suppose -f + 5*f = -5*j + 25572, -4*f - 8 = 0. What is the units digit of j?
6
Let l(t) = 29*t + 291. Let j be l(-10). What is the tens digit of j/(0 - 8/(-10400))?
0
Let h(o) = -2*o**3 + 71*o**2 - 35*o + 3. Let u be h(35). Suppose -3*n = 4*q - 1971, -4*q + u*n + 2455 - 490 = 0. What is the hundreds digit of q?
4
Suppose 2*z - 41*b + 45*b - 20156 = 0, -3*z = 3*b - 30222. What is the thousands digit of z?
0
Let v(h) = 176*h - 673. What is the tens digit of v(6)?
8
Let p(m) = -39*m - 63. Let n be p(11). Let l = n + 902. What is the units digit of l?
0
Let i(p) = 3*p + 3. Let w be i(5). Suppose 5*h + 177 = -t + 417, -2*h = -t - 103. Let f = w + h. What is the units digit of f?
7
Suppose 0 = 9*z - z - 40. Suppose -4*r - 2*c = 3*c - 27, z*r - c = 12. Suppose -302 = -r*t + 292. What is the hundreds digit of t?
1
Let h = 32744 + -13486. What is the thousands digit of h?
9
Suppose -x = 2*x - 6. Let v(g) = 105*g**2 - 22*g - 1. Let t(b) = -36*b**2 + 8*b. Let u(i) = 11*t(i) + 4*v(i). What is the tens digit of u(x)?
9
Suppose -31*x + 33*x = 2*y - 12922, -6*x = 4*y - 25814. What is the thousands digit of y?
6
Let t(a) = -a**3 - 9*a**2 - 19*a - 7. Let l = -40 - -39. Let i be (-4 - -8)*2*l. What is the units digit of t(i)?
1
Suppose -5*i = -0*x + 2*x - 34, -5*x + 4*i = -19. Let s(j) = -3*j**2 + 4*j - 17. Let g(k) = k**2 + k. Let m(t) = -2*g(t) - s(t). What is the tens digit of m(x)?
2
Suppose -9 = m + 4*u, 4*m - 9 = 2*m + u. Suppose 0 = 5*l + 3*g - 1961, 2*l - 782 = -m*g + g. What is the units digit of l?
4
Let q = 7 + -3. Suppose 5265 = 5*u + q*u. What is the units digit of u?
5
Suppose 0*t - 4*r = -2*t + 210, -4*t = -3*r - 445. Suppose -119*o = -t*o + 5*q - 2012, q + 2515 = 5*o. What is the units digit of o?
3
Let t(q) = 15061*q + 772. What is the tens digit of t(3)?
5
Suppose 5*t - 32 = -o, t = 5*t + 4*o - 16. Let q = 16 + t. Suppose -18*s - 335 = -q*s. What is the units digit of s?
7
What is the ten thousands digit of (8/20)/((-203)/(-32503345))?
6
Let d(r) = -5*r**2 + 14*r + 18. Let x(z) = -z**2 - z + 1. Let l(y) = d(y) - 6*x(y). Let q = 44 - 64. What is the tens digit of l(q)?
1
Let c(s) = -11*s**2 - 17*s - 11. Let u(q) = 39*q**2 + 60*q + 39. Let h(d) = 18*c(d) + 5*u(d). Let b be h(-4). Let y = 199 + b. What is the units digit of y?
2
Let i = -49 - -5816. What is the hundreds digit of i?
7
What is the ten thousands digit of (-1481516)/(-36) - (-24)/(-108)?
4
Suppose 0 = 4*i + 4*i - 3792. Let l be (14/4)/(3/i). Suppose 6*n = -n + l. What is the units digit of n?
9
Suppose -3*f + f + 22402 = 4*a, 5*f = -5*a + 56020. What is the tens digit of f?
0
Let i(j) = -j**3 - 10*j**2 + 17*j + 9. Let b be i(-9). Let z be (9/(b/1090))/(2/10). Let w = -128 - z. What is the units digit of w?
0
Let s(w) = -7 - 3*w - 2*w + 57*w**2 + w. Let f be (-12)/5 + (1653/95 - 17). What is the hundreds digit of s(f)?
2
Let y = 161 + -141. Let v = 314 - y. What is the tens digit of v?
9
Suppose 32*p - 17288 = 4*p + 377540. What is the units digit of p?
1
Let v be (-2)/5 + (-51)/(-15). Suppose 0 = 10*o - 6*o + v*h - 1002, 3*h = 6. What is the units digit of o?
9
Suppose 285363 + 571485 = 90*q + 42618. What is the units digit of q?
7
Suppose u = -7 - 2. Let k(m) = m**3 + 11*m**2 + 15*m + 12. What is the units digit of k(u)?
9
Suppose 2*i - 1 = -3. Let m be (-4)/54*3 - 510/135. What is the units digit of 2 + (-4)/m + (5 - i)?
9
Suppose -57*x - 17*x + 449254 = 0. What is the tens digit of x?
7
Suppose 27*u - 186319 = 756764. What is the tens digit of u?
2
Let o = -251 + 257. Suppose 522 + 1566 = o*g. What is the units digit of g?
8
Suppose 3*j